e units digit of r?
5
What is the units digit of (0 - 1)/((-2)/254)?
7
Let r be (6/1)/(3 - 2). Let o(y) = -y**3 + 6*y**2 + y + 2. What is the units digit of o(r)?
8
Let t = -48 + 68. What is the units digit of t?
0
Let m(s) = -4*s + 2. Let v(p) = 5*p**3 - p**2 - p + 1. Let a be v(1). Let h be m(a). Let l = 24 + h. What is the units digit of l?
0
Let l(f) = 5*f + 2. Let a be 1/((1 + -2)/(-4)). Suppose 0 = a*p - 4, -4*y + 4*p + 7 = 3. What is the tens digit of l(y)?
1
Suppose -5*b = 3*s + 11, 5*b = -0*b - 5. Let t be 3 + -1*(1 + s). What is the units digit of 7/2 - (-2)/t?
4
Let g(x) = 16*x**2 - 11*x - 20. Let b(h) = -3*h**2 + 2*h + 4. Let i(a) = 11*b(a) + 2*g(a). What is the units digit of i(0)?
4
Suppose -w + 4*w - 126 = 0. Suppose -4*q = -0*z - 3*z - 154, q - w = -z. What is the tens digit of q?
4
Let p(o) = 3*o**2 + 5*o + 7. Let f(x) = 7*x**2 + 9*x + 13. Let i(u) = -2*f(u) + 5*p(u). What is the units digit of i(-6)?
3
Let j(r) = r - 6. Let t be j(8). Suppose 0 = -3*q - p + 16, -5*q + 8 + 4 = -t*p. What is the units digit of q?
4
Let u(k) = 18*k - 35. What is the tens digit of u(4)?
3
What is the tens digit of ((-76)/(-12) + -3)*12?
4
Let s(i) = 0*i + 7*i**2 + 4*i + i + 2. Let r be s(-3). Suppose -5*q = -10*q + r. What is the tens digit of q?
1
Let l(j) = 3*j**3 - 5*j**2 + 5. Let s(x) = x**3 - 2*x**2 + 2. Let b(d) = 4*l(d) - 11*s(d). Suppose 4 = 3*z - z. What is the units digit of b(z)?
4
Suppose -4*r + 0*r = -16. What is the tens digit of (-2)/(r/2)*-19?
1
Suppose 5*c - 5*g - 534 = 696, -5*g = -c + 234. What is the units digit of c?
9
Let s be 11/(2/(6/3)). Let y = -20 + 38. Let t = y - s. What is the units digit of t?
7
What is the tens digit of -2 + (-2 + 21 - -4)?
2
Suppose 0 = 5*r - n - 391, 2*r - 4*n - 36 = 124. What is the units digit of r?
8
Let y(k) = 5*k. Let v be y(5). Let q = -2 - -8. Suppose v = q*z - z. What is the units digit of z?
5
Suppose 3*d = -6*d + 2034. What is the tens digit of d?
2
Suppose 0 = -t + 10 - 0. Suppose -7*i - t = -9*i. What is the units digit of i?
5
Let m = 0 - -11. Let y = m - 1. What is the units digit of y?
0
Let i(a) = 6*a - 1. Suppose 7 = 3*r + 1, 11 = l + 5*r. Let d be i(l). Suppose 0 = 2*s - 7*h + 3*h - 22, 0 = -d*s + h + 28. What is the units digit of s?
5
Suppose 0 = -2*c + 394 - 14. What is the units digit of c?
0
Let d(q) = q**3 - 8*q**2 + 4*q - 7. Let f be d(7). Let h = f - -52. Suppose -2*c + 3*l - 8 = -h, -4*l - 14 = c. What is the units digit of c?
2
Let p be (-20)/(-6) - 1/3. Let d = p + 1. What is the units digit of d?
4
Suppose 5 - 14 = -3*p. What is the tens digit of (-28)/(-1) - (p + 0)?
2
Suppose -5*s + 0*g = g - 28, -2*g + 6 = 0. What is the tens digit of (36/(-15))/((-1)/s)?
1
Let f(z) = 5*z + 1. Let v be f(1). What is the tens digit of 33*(1 + (-2)/v)?
2
Let w = 80 + -53. What is the tens digit of w?
2
Let o be -2 + (-24)/(4*-1). Suppose s = 5*s - o*n - 48, n - 8 = -s. What is the tens digit of s?
1
Suppose 2*q - 35 = 4*p + 181, -420 = -4*q + 5*p. What is the hundreds digit of q?
1
Let r be ((-2 + 2)/1)/(-2). Suppose r = -2*d + 4 + 14. What is the units digit of d?
9
Let n = -76 - -137. Suppose j + 20 = 5*g - n, 4*g = 3*j + 67. What is the tens digit of g?
1
Let i(j) = 2*j**2 - 9*j + 1. Let x(v) = -v**3 - 4*v**2 - v + 2. Let k be x(-4). What is the units digit of i(k)?
9
Let j(y) = 9*y**3 - 3*y**2 - 4. What is the hundreds digit of j(3)?
2
Suppose 5 = 3*q - 1. Suppose 0 = t - 21 - q. What is the tens digit of t?
2
Suppose 4*d - 4 = 0, 0 = -5*k - d + 2*d - 6. Let w be 1/(-3 - -2) - k. Suppose 4*i = -w*i + 24. What is the units digit of i?
6
Let m(c) = -4*c**2 - 12*c + 3. Let z(s) = 3*s**2 + 11*s - 4. Let r(q) = -4*m(q) - 5*z(q). Let i = 0 - -7. What is the units digit of r(i)?
8
Suppose 5*r - 278 = -x, -3*r - x = -2*x - 162. What is the units digit of r?
5
Let v = 61 - 36. What is the tens digit of v?
2
Suppose -4*g + 8*g = -5*o + 16, -5*g = -o + 9. Let s be 30/(-1*(-2 - g)). Let f = s + -14. What is the units digit of f?
6
Let x be (1 - (-10)/(-6))*21. Let a = 23 + x. Let i(f) = f**3 - 8*f**2 - 7*f - 9. What is the units digit of i(a)?
9
Let w(z) = z**3 + 9*z**2 - 11*z - 6. Let u(c) = -c**2 - 4*c - 2. Let s be u(-4). Let g be -2 + s + 1*-6. What is the units digit of w(g)?
4
Let h(l) = -l**2 + 2*l + 11. What is the units digit of h(4)?
3
Let b(n) = -11*n - 5. What is the tens digit of b(-9)?
9
Suppose 2*t - 5*u - 122 = 333, 2*t + 4*u = 500. What is the tens digit of t?
4
Suppose 3*z - 103 = 2*v, v + 10 = z - 25. What is the tens digit of z?
3
Let h = 7 + -4. What is the units digit of h/(1 + 2/(-8))?
4
Let x(s) = -s**2 - 17*s - 23. What is the units digit of x(-11)?
3
Let a(b) = b**3 - 5*b**2 + 6*b - 3. Let q be a(4). Let o = q - -35. What is the tens digit of o?
4
Suppose r = 5*r - 20. Let f(w) = w**2 - 5*w. Let k be f(r). Suppose -o + 4*o - 18 = k. What is the units digit of o?
6
Let f be 6/(-33) + 70/22. Let g = f - 10. Let s = -3 - g. What is the units digit of s?
4
Suppose 2*b = b - l + 3, -b + 3*l + 3 = 0. Suppose -2*q = 2*d - 3*q - 13, b*q = -2*d - 7. What is the units digit of d?
4
Suppose 0 = -3*d - 0*p + p + 3, 0 = -d - p - 3. Suppose -9 = -j - d*j. What is the units digit of j?
9
Let n be (-53)/(-3) - ((-4)/(-6))/1. Suppose 0 = -2*i - 4 + 6. Let r = n - i. What is the units digit of r?
6
Let l be (14/14)/((-2)/(-40)). Let a be -2 - (-25 + -1 + -1). Suppose -3*h + l = -a. What is the tens digit of h?
1
Suppose 4*s - 6 = -2*x, 3*s = -2*x - x - 3. Suppose -2*d + 0*d - 142 = -s*v, -109 = -3*v + d. What is the tens digit of v?
3
Let k(g) = g**3 + 11*g**2 - 3*g - 7. Let v be k(-11). Let f = v + -12. What is the tens digit of f?
1
Let u = -21 - -13. What is the units digit of (-3)/(-12) + (-158)/u?
0
Let y(q) = -3*q + 11. Let o be y(-7). What is the tens digit of -3 + (o - (-3 + 3))?
2
Let y(x) = 14*x**2 - 1. Let m be y(1). Let j = 5 + m. Let t = -9 + j. What is the units digit of t?
9
Let x(q) = -q - 7. Let s be x(-12). What is the units digit of (114/s)/(4/10)?
7
Suppose 4*j = -4*v - 48, 3*v - 2*v + 4*j = 0. Let b = -1 - v. Let p = 25 - b. What is the tens digit of p?
1
Let r = 1 + 5. Let p(w) = -w**2 + 12*w - 3. What is the units digit of p(r)?
3
Suppose 0 = -5*f + 6*f. Let h = 0 + f. Let x = 2 - h. What is the units digit of x?
2
Suppose -4*o + r = -o - 68, 0 = 5*o - 2*r - 115. Let l = o + 12. What is the units digit of l?
3
Suppose a = 2*q, -2 = -5*q + 3*a - 3. What is the units digit of q?
1
Suppose 5*a - 2*g - 62 = 0, 3*a = 2*a - g + 18. What is the tens digit of a?
1
Let p(t) = t**2 - 8*t + 2. Let q be p(8). Suppose n - 4*m - 25 = 0, 42 + 4 = q*n - 4*m. What is the tens digit of n?
2
Let q(w) = w**3 + 6*w**2 - 2*w**2 + 0*w + 0*w + 4. Let i be q(-4). Let p(n) = 2*n**2 - 6*n + 4. What is the units digit of p(i)?
2
Let n(i) = -i**3 - 8*i**2 + 12*i + 2. Let a be n(-10). What is the tens digit of a*((-15)/(-6))/5?
4
Let o(n) = -9*n + 5 - 7 + 1. Let t(r) = r**3 + 4*r**2 + 2*r + 6. Let d be t(-4). What is the units digit of o(d)?
7
Suppose -4*q - 8 = 0, 2*q + 94 = t + 3*q. What is the units digit of t?
6
Suppose 24 = 8*p - 5*p. Let s(a) = 5 - 2*a - 6*a - 2*a**2 + 3*a**2. What is the units digit of s(p)?
5
Let r = -18 + 19. What is the units digit of r?
1
Let f = -19 - -30. Let m = -6 + f. Suppose m*t - 8*t = -33. What is the tens digit of t?
1
Let u(l) = -10*l - 22. What is the tens digit of u(-6)?
3
Let x = 13 + -10. Suppose 4*y - 8 = x*y. What is the units digit of y?
8
Let g = 7 + -5. Suppose -4*s - g*q = -93 + 15, 0 = -5*s - 3*q + 100. What is the units digit of s?
7
Let n be 51/1 - 12/(-3). Suppose 5*u = 3*t - n - 58, -5*t - 5*u + 215 = 0. What is the tens digit of t?
4
Let x = -4 - -63. What is the tens digit of x?
5
Let v = 514 + -238. What is the tens digit of v?
7
Let p = 15 + -13. Suppose -18 = -3*q + 4*o - 4, -5*o = p*q - 17. What is the units digit of q?
6
Let s(x) = -x**2 - 4*x - 3. Let q be s(-3). Let p(c) = -c + q*c + 3*c - c + 2. What is the units digit of p(5)?
7
Let d(k) = 8*k**2 - 3*k + 3. Let u(h) = -2*h. Let z be u(-1). What is the tens digit of d(z)?
2
Let j(f) = -5*f + 2. Let x be j(2). Let p = -6 - x. Suppose -p*c + k = -17, 2*c - 4*k + 2 = 4*c. What is the units digit of c?
7
What is the units digit of (-2)/10 - 176/(-55)?
3
Suppose 174 = 2*x + 4. 